{"id":1476,"date":"2024-11-06T16:56:50","date_gmt":"2024-11-06T15:56:50","guid":{"rendered":"https:\/\/www.bodyclub.cz\/?page_id=1476"},"modified":"2026-03-20T17:27:53","modified_gmt":"2026-03-20T16:27:53","slug":"rusava","status":"publish","type":"page","link":"https:\/\/www.bodyclub.cz\/index.php\/rusava\/","title":{"rendered":"Rusava"},"content":{"rendered":"\t\t<div data-elementor-type=\"wp-page\" data-elementor-id=\"1476\" class=\"elementor elementor-1476\">\n\t\t\t\t\t\t<section class=\"elementor-section elementor-top-section elementor-element elementor-element-f49f1ca elementor-section-height-min-height elementor-section-items-bottom elementor-section-boxed elementor-section-height-default\" data-id=\"f49f1ca\" data-element_type=\"section\" data-settings=\"{&quot;background_background&quot;:&quot;classic&quot;}\">\n\t\t\t\t\t\t\t<div class=\"elementor-background-overlay\"><\/div>\n\t\t\t\t\t\t\t<div class=\"elementor-container elementor-column-gap-default\">\n\t\t\t\t\t<div class=\"elementor-column elementor-col-100 elementor-top-column elementor-element elementor-element-dc4c7f1\" data-id=\"dc4c7f1\" data-element_type=\"column\">\n\t\t\t<div class=\"elementor-widget-wrap elementor-element-populated\">\n\t\t\t\t\t\t<div class=\"elementor-element elementor-element-1b52aa6 elementor-widget elementor-widget-heading\" data-id=\"1b52aa6\" data-element_type=\"widget\" data-widget_type=\"heading.default\">\n\t\t\t\t<div class=\"elementor-widget-container\">\n\t\t\t<h1 class=\"elementor-heading-title elementor-size-default\">Rusava<\/h1>\t\t<\/div>\n\t\t\t\t<\/div>\n\t\t\t\t<div class=\"elementor-element elementor-element-11a511a elementor-hidden-phone elementor-widget elementor-widget-spacer\" data-id=\"11a511a\" data-element_type=\"widget\" data-widget_type=\"spacer.default\">\n\t\t\t\t<div class=\"elementor-widget-container\">\n\t\t\t\t\t<div class=\"elementor-spacer\">\n\t\t\t<div class=\"elementor-spacer-inner\"><\/div>\n\t\t<\/div>\n\t\t\t\t<\/div>\n\t\t\t\t<\/div>\n\t\t\t\t\t<\/div>\n\t\t<\/div>\n\t\t\t\t\t<\/div>\n\t\t<\/section>\n\t\t<div class=\"elementor-element elementor-element-05908c4 e-flex e-con-boxed e-con e-parent\" data-id=\"05908c4\" data-element_type=\"container\">\n\t\t\t\t\t<div class=\"e-con-inner\">\n\t\t\t\t<div class=\"elementor-element elementor-element-3b6d0df elementor-widget elementor-widget-heading\" data-id=\"3b6d0df\" data-element_type=\"widget\" data-widget_type=\"heading.default\">\n\t\t\t\t<div class=\"elementor-widget-container\">\n\t\t\t<h2 class=\"elementor-heading-title elementor-size-default\">Rusava I. - 19.7.-24.7.2026<br>Rusava II. - 16.8.-21.8.2026 <\/h2>\t\t<\/div>\n\t\t\t\t<\/div>\n\t\t\t\t<div class=\"elementor-element elementor-element-5969485 elementor-widget elementor-widget-text-editor\" data-id=\"5969485\" data-element_type=\"widget\" data-widget_type=\"text-editor.default\">\n\t\t\t\t<div class=\"elementor-widget-container\">\n\t\t\t\t\t\t\t<ul><li><strong><a href=\"https:\/\/www.bodyclub.cz\/wp-content\/uploads\/2025\/11\/zavazna_prihlaska_leto_2026_rusava.docx\">Z\u00e1vazn\u00e1 p\u0159ihl\u00e1\u0161ka na Rusavu 2026<\/a><\/strong><\/li><li><a href=\"https:\/\/www.bodyclub.cz\/wp-content\/uploads\/2025\/04\/DETI-potvrzeni_od_lekare.docx\">Potvrzen\u00ed od l\u00e9ka\u0159e na t\u00e1bor<\/a><\/li><li><a href=\"https:\/\/www.bodyclub.cz\/wp-content\/uploads\/2025\/04\/formular_o_bezinfekcnosti_2024.doc\">Formul\u00e1\u0159 o bezinfek\u010dnosti<\/a><\/li><li><a href=\"https:\/\/www.bodyclub.cz\/wp-content\/uploads\/2025\/04\/SEZNAM-DOPORUCENYCH-VECI-NA-TABOR.pdf\">Seznam doporu\u010den\u00fdch v\u011bc\u00ed na t\u00e1bor<\/a><\/li><li>kontaktn\u00ed email: <strong>agentura.bodyclub@gmail.com<\/strong><\/li><\/ul>\t\t\t\t\t\t<\/div>\n\t\t\t\t<\/div>\n\t\t\t\t<div class=\"elementor-element elementor-element-29f7d02 elementor-widget elementor-widget-text-editor\" data-id=\"29f7d02\" data-element_type=\"widget\" data-widget_type=\"text-editor.default\">\n\t\t\t\t<div class=\"elementor-widget-container\">\n\t\t\t\t\t\t\t<p>V dob\u011b letn\u00edch pr\u00e1zdnin jsou pro d\u011bti od 5 do 16 let p\u0159ipraveny dva turnusy rekreace v malebn\u00e9m prost\u0159ed\u00ed Host\u00fdnsk\u00fdch vrch\u016f v penzionu U R\u00e1ztoky (<a href=\"https:\/\/www.penzionuraztoky.cz\/\">www.penzionuraztoky.cz<\/a><span style=\"text-align: var(--text-align); background-color: transparent; color: var(--global-palette3); font-family: var(--global-body-font-family);\">) v obci Rusava. Sou\u010d\u00e1st\u00ed are\u00e1lu je tenisov\u00fd kurt, fotbalov\u00e9 h\u0159i\u0161t\u011b s um\u011blou tr\u00e1vou, d\u011btsk\u00e9 h\u0159i\u0161t\u011b a pl\u00e1\u017eov\u00fd kurt. Ubytov\u00e1n\u00ed je zaji\u0161t\u011bno v penzionu v pokoj\u00edch s vlastn\u00edm soci\u00e1ln\u00edm za\u0159\u00edzen\u00edm. Koupali\u0161t\u011b i s tobog\u00e1ny je vzd\u00e1leno 10 min proch\u00e1zkou z t\u00e1bora.\u00a0<\/span><\/p><p>Programov\u00e1 n\u00e1pl\u0148 t\u00e1bora bude zam\u011b\u0159ena zejm\u00e9na na sportovn\u00ed hry (tenis, fotbal, vyb\u00edjen\u00e1 a dal\u0161\u00ed), d\u00e1le tanec, koup\u00e1n\u00ed, turistika a relaxace. D\u00e1le jsou v pestr\u00e9m programu pln\u00e9m z\u00e1bavn\u00fdch celot\u00e1borov\u00fdch her a sout\u011b\u017e\u00ed za\u0159azeny nap\u0159. diskot\u00e9ky, vystoupen\u00ed zn\u00e1m\u00fdch muzikant\u016f, t\u00e1borov\u00e1 pou\u0165, karneval, p\u011bnov\u00e1 p\u00e1rty, sk\u00e1kac\u00ed hrad a mnoho dal\u0161\u00edch p\u0159ekvapen\u00ed.<\/p><p><span style=\"background-color: transparent; color: var(--global-palette3); font-family: var(--global-body-font-family);\">Cena zahrnuje:<br \/><\/span><span style=\"background-color: transparent; color: var(--global-palette3); font-family: var(--global-body-font-family);\">\u00a0 \u00a0 \u00a0 \u00a0 &#8211; ubytov\u00e1n\u00ed<br \/><\/span><span style=\"background-color: transparent; color: var(--global-palette3); font-family: var(--global-body-font-family);\">\u00a0 \u00a0 \u00a0 \u00a0 &#8211; autobusov\u00e1 doprava<br \/><\/span><span style=\"background-color: transparent; color: var(--global-palette3); font-family: var(--global-body-font-family);\">\u00a0 \u00a0 \u00a0 \u00a0 &#8211; 5x denn\u011b strava (sn\u00eddan\u011b formou bufetu)<br \/>\u00a0 \u00a0 \u00a0 \u00a0 &#8211; pitn\u00fd re\u017eim po cel\u00fd den<br \/><\/span><span style=\"background-color: transparent; color: var(--global-palette3); font-family: var(--global-body-font-family);\">\u00a0 \u00a0 \u00a0 \u00a0 &#8211; t\u00e1borov\u00fd program<br \/><\/span><span style=\"background-color: transparent; color: var(--global-palette3); font-family: var(--global-body-font-family);\">\u00a0 \u00a0 \u00a0 \u00a0 &#8211; odm\u011bny ze sout\u011b\u017e\u00ed<\/span><\/p><p>Cena: Rusava I. &#8211; <strong>5.400 K\u010d,<\/strong> Rusava II. &#8211; <strong>5.550 K\u010d<\/strong><\/p><p>Platebn\u00ed instrukce:\u00a0<br \/>\u00a0 \u00a0 \u00a0 \u00a0 \u00a0 &#8211; \u010d\u00edslo \u00fa\u010dtu: <strong>2500953923\/2010\u00a0 \u00a0 \u00a0 \u00a0 \u00a0 \u00a0 \u00a0 \u00a0 \u00a0 \u00a0 \u00a0 \u00a0 \u00a0 \u00a0 \u00a0 \u00a0 \u00a0 \u00a0 \u00a0 \u00a0 \u00a0 <\/strong>\u00a0&#8211; po telefonick\u00e9 domluv\u011b mo\u017enost platby v hotovosti<br \/>\u00a0 \u00a0 \u00a0 \u00a0 \u00a0 &#8211; variabiln\u00ed symbol: <strong>R\u010c<\/strong> d\u00edt\u011bte<br \/>\u00a0 \u00a0 \u00a0 \u00a0 \u00a0 &#8211; pozn\u00e1mka: jm\u00e9no a p\u0159\u00edjmen\u00ed d\u00edt\u011bte<br \/>\u00a0 \u00a0 \u00a0 \u00a0 \u00a0 &#8211; splatnost <strong>Rusava I.<\/strong> 20.6.2026, <strong>Rusava II.<\/strong> 15.7.2026<\/p><p><strong>Rusava I.<\/strong><br \/>\u00a0 \u00a0 \u00a0 \u00a0 <strong>&#8211; ODJEZD:<\/strong> Ned\u011ble <strong>19.7.2026 v 15:00<\/strong> hodin z ul. U zimn\u00edho stadionu (to\u010dna trolejbus\u016f pod sport. halou) ve Zl\u00edn\u011b<br \/>\u00a0 \u00a0 \u00a0 \u00a0 <strong>&#8211; P\u0158\u00cdJEZD:<\/strong> P\u00e1tek <strong>24.7.2026 ve 14:30<\/strong> hodin na ul. U zimn\u00edho stadionu (to\u010dna trolejbus\u016f pod sport. halou) ve Zl\u00edn\u011b<\/p><p><strong>Rusava II.\u00a0<br \/>\u00a0 \u00a0 \u00a0 \u00a0 &#8211; ODJEZD: <\/strong>Ned\u011ble <strong>16.8.2026 v 15:00<\/strong> hodin z ul. U zimn\u00edho stadionu (to\u010dna trolejbus\u016f pod sport. halou) ve Zl\u00edn\u011b<strong><br \/>\u00a0 \u00a0 \u00a0 \u00a0 &#8211; P\u0158\u00cdJEZD: <\/strong>P\u00e1tek <strong>21.8.2026 ve 14:30<\/strong> hodin na ul. U zimn\u00edho stadionu (to\u010dna trolejbus\u016f pod sport. halou) ve Zl\u00edn\u011b<strong><br \/><\/strong><\/p>\t\t\t\t\t\t<\/div>\n\t\t\t\t<\/div>\n\t\t\t\t\t<\/div>\n\t\t\t\t<\/div>\n\t\t<div class=\"elementor-element elementor-element-cd124bf e-flex e-con-boxed e-con e-parent\" data-id=\"cd124bf\" data-element_type=\"container\">\n\t\t\t\t\t<div class=\"e-con-inner\">\n\t\t\t\t\t<\/div>\n\t\t\t\t<\/div>\n\t\t<div class=\"elementor-element elementor-element-579a244 e-flex e-con-boxed e-con e-parent\" data-id=\"579a244\" data-element_type=\"container\">\n\t\t\t\t\t<div class=\"e-con-inner\">\n\t\t\t\t<div class=\"elementor-element elementor-element-7368f89 elementor-widget elementor-widget-image-gallery\" data-id=\"7368f89\" data-element_type=\"widget\" data-widget_type=\"image-gallery.default\">\n\t\t\t\t<div class=\"elementor-widget-container\">\n\t\t\t\t\t<div class=\"elementor-image-gallery\">\n\t\t\t<div id='gallery-1' class='gallery galleryid-1476 gallery-columns-4 gallery-size-thumbnail'><figure class='gallery-item'>\n\t\t\t<div class='gallery-icon landscape'>\n\t\t\t\t<a data-elementor-open-lightbox=\"yes\" data-elementor-lightbox-slideshow=\"7368f89\" data-elementor-lightbox-title=\"R\u00e1ztoka\" data-e-action-hash=\"#elementor-action%3Aaction%3Dlightbox%26settings%3DeyJpZCI6MTU4NCwidXJsIjoiaHR0cHM6XC9cL3d3dy5ib2R5Y2x1Yi5jelwvd3AtY29udGVudFwvdXBsb2Fkc1wvMjAyNFwvMTFcL1JhenRva2EtMi5qcGciLCJzbGlkZXNob3ciOiI3MzY4Zjg5In0%3D\" href='https:\/\/www.bodyclub.cz\/wp-content\/uploads\/2024\/11\/Raztoka-2.jpg'><img decoding=\"async\" width=\"150\" height=\"150\" src=\"https:\/\/www.bodyclub.cz\/wp-content\/uploads\/2024\/11\/Raztoka-2-150x150.jpg\" class=\"attachment-thumbnail size-thumbnail\" alt=\"\" \/><\/a>\n\t\t\t<\/div><\/figure><figure class='gallery-item'>\n\t\t\t<div class='gallery-icon landscape'>\n\t\t\t\t<a data-elementor-open-lightbox=\"yes\" data-elementor-lightbox-slideshow=\"7368f89\" data-elementor-lightbox-title=\"R\u00e1ztoka n\u00e1stup\" data-e-action-hash=\"#elementor-action%3Aaction%3Dlightbox%26settings%3DeyJpZCI6MTU4MCwidXJsIjoiaHR0cHM6XC9cL3d3dy5ib2R5Y2x1Yi5jelwvd3AtY29udGVudFwvdXBsb2Fkc1wvMjAyNFwvMTFcL1JhenRva2EtbmFzdHVwLTEuanBnIiwic2xpZGVzaG93IjoiNzM2OGY4OSJ9\" href='https:\/\/www.bodyclub.cz\/wp-content\/uploads\/2024\/11\/Raztoka-nastup-1.jpg'><img decoding=\"async\" width=\"150\" height=\"150\" src=\"https:\/\/www.bodyclub.cz\/wp-content\/uploads\/2024\/11\/Raztoka-nastup-1-150x150.jpg\" class=\"attachment-thumbnail size-thumbnail\" alt=\"\" \/><\/a>\n\t\t\t<\/div><\/figure><figure class='gallery-item'>\n\t\t\t<div class='gallery-icon landscape'>\n\t\t\t\t<a data-elementor-open-lightbox=\"yes\" data-elementor-lightbox-slideshow=\"7368f89\" data-elementor-lightbox-title=\"R\u00e1ztoka H\u0159i\u0161t\u011b\" data-e-action-hash=\"#elementor-action%3Aaction%3Dlightbox%26settings%3DeyJpZCI6MTU3OSwidXJsIjoiaHR0cHM6XC9cL3d3dy5ib2R5Y2x1Yi5jelwvd3AtY29udGVudFwvdXBsb2Fkc1wvMjAyNFwvMTFcL1JhenRva2EtSHJpc3RlLTEuanBnIiwic2xpZGVzaG93IjoiNzM2OGY4OSJ9\" href='https:\/\/www.bodyclub.cz\/wp-content\/uploads\/2024\/11\/Raztoka-Hriste-1.jpg'><img decoding=\"async\" width=\"150\" height=\"150\" src=\"https:\/\/www.bodyclub.cz\/wp-content\/uploads\/2024\/11\/Raztoka-Hriste-1-150x150.jpg\" class=\"attachment-thumbnail size-thumbnail\" alt=\"\" \/><\/a>\n\t\t\t<\/div><\/figure><figure class='gallery-item'>\n\t\t\t<div class='gallery-icon landscape'>\n\t\t\t\t<a data-elementor-open-lightbox=\"yes\" data-elementor-lightbox-slideshow=\"7368f89\" data-elementor-lightbox-title=\"Koupali\u0161t\u011b\" data-e-action-hash=\"#elementor-action%3Aaction%3Dlightbox%26settings%3DeyJpZCI6MTU3NywidXJsIjoiaHR0cHM6XC9cL3d3dy5ib2R5Y2x1Yi5jelwvd3AtY29udGVudFwvdXBsb2Fkc1wvMjAyNFwvMTFcL0tvdXBhbGlzdGUtMS5qcGciLCJzbGlkZXNob3ciOiI3MzY4Zjg5In0%3D\" href='https:\/\/www.bodyclub.cz\/wp-content\/uploads\/2024\/11\/Koupaliste-1.jpg'><img loading=\"lazy\" decoding=\"async\" width=\"150\" height=\"150\" src=\"https:\/\/www.bodyclub.cz\/wp-content\/uploads\/2024\/11\/Koupaliste-1-150x150.jpg\" class=\"attachment-thumbnail size-thumbnail\" alt=\"\" \/><\/a>\n\t\t\t<\/div><\/figure><figure class='gallery-item'>\n\t\t\t<div class='gallery-icon landscape'>\n\t\t\t\t<a data-elementor-open-lightbox=\"yes\" data-elementor-lightbox-slideshow=\"7368f89\" data-elementor-lightbox-title=\"R\u00e1ztoka pokoje2\" data-e-action-hash=\"#elementor-action%3Aaction%3Dlightbox%26settings%3DeyJpZCI6MTU4MywidXJsIjoiaHR0cHM6XC9cL3d3dy5ib2R5Y2x1Yi5jelwvd3AtY29udGVudFwvdXBsb2Fkc1wvMjAyNFwvMTFcL1JhenRva2EtcG9rb2plMi0xLmpwZyIsInNsaWRlc2hvdyI6IjczNjhmODkifQ%3D%3D\" href='https:\/\/www.bodyclub.cz\/wp-content\/uploads\/2024\/11\/Raztoka-pokoje2-1.jpg'><img loading=\"lazy\" decoding=\"async\" width=\"150\" height=\"150\" src=\"https:\/\/www.bodyclub.cz\/wp-content\/uploads\/2024\/11\/Raztoka-pokoje2-1-150x150.jpg\" class=\"attachment-thumbnail size-thumbnail\" alt=\"\" \/><\/a>\n\t\t\t<\/div><\/figure><figure class='gallery-item'>\n\t\t\t<div class='gallery-icon landscape'>\n\t\t\t\t<a data-elementor-open-lightbox=\"yes\" data-elementor-lightbox-slideshow=\"7368f89\" data-elementor-lightbox-title=\"R\u00e1ztoka pokoje1\" data-e-action-hash=\"#elementor-action%3Aaction%3Dlightbox%26settings%3DeyJpZCI6MTU4MiwidXJsIjoiaHR0cHM6XC9cL3d3dy5ib2R5Y2x1Yi5jelwvd3AtY29udGVudFwvdXBsb2Fkc1wvMjAyNFwvMTFcL1JhenRva2EtcG9rb2plMS0xLmpwZyIsInNsaWRlc2hvdyI6IjczNjhmODkifQ%3D%3D\" href='https:\/\/www.bodyclub.cz\/wp-content\/uploads\/2024\/11\/Raztoka-pokoje1-1.jpg'><img loading=\"lazy\" decoding=\"async\" width=\"150\" height=\"150\" src=\"https:\/\/www.bodyclub.cz\/wp-content\/uploads\/2024\/11\/Raztoka-pokoje1-1-150x150.jpg\" class=\"attachment-thumbnail size-thumbnail\" alt=\"\" \/><\/a>\n\t\t\t<\/div><\/figure><figure class='gallery-item'>\n\t\t\t<div class='gallery-icon landscape'>\n\t\t\t\t<a data-elementor-open-lightbox=\"yes\" data-elementor-lightbox-slideshow=\"7368f89\" data-elementor-lightbox-title=\"R\u00e1ztoka pokoje\" data-e-action-hash=\"#elementor-action%3Aaction%3Dlightbox%26settings%3DeyJpZCI6MTU4MSwidXJsIjoiaHR0cHM6XC9cL3d3dy5ib2R5Y2x1Yi5jelwvd3AtY29udGVudFwvdXBsb2Fkc1wvMjAyNFwvMTFcL1JhenRva2EtcG9rb2plLTEuanBnIiwic2xpZGVzaG93IjoiNzM2OGY4OSJ9\" href='https:\/\/www.bodyclub.cz\/wp-content\/uploads\/2024\/11\/Raztoka-pokoje-1.jpg'><img loading=\"lazy\" decoding=\"async\" width=\"150\" height=\"150\" src=\"https:\/\/www.bodyclub.cz\/wp-content\/uploads\/2024\/11\/Raztoka-pokoje-1-150x150.jpg\" class=\"attachment-thumbnail size-thumbnail\" alt=\"\" \/><\/a>\n\t\t\t<\/div><\/figure><figure class='gallery-item'>\n\t\t\t<div class='gallery-icon landscape'>\n\t\t\t\t<a data-elementor-open-lightbox=\"yes\" data-elementor-lightbox-slideshow=\"7368f89\" data-elementor-lightbox-title=\"303293615_600611811539556_2528769863299912960_n\" data-e-action-hash=\"#elementor-action%3Aaction%3Dlightbox%26settings%3DeyJpZCI6MTMxNSwidXJsIjoiaHR0cHM6XC9cL3d3dy5ib2R5Y2x1Yi5jelwvd3AtY29udGVudFwvdXBsb2Fkc1wvMjAyNFwvMTBcLzMwMzI5MzYxNV82MDA2MTE4MTE1Mzk1NTZfMjUyODc2OTg2MzI5OTkxMjk2MF9uLmpwZyIsInNsaWRlc2hvdyI6IjczNjhmODkifQ%3D%3D\" href='https:\/\/www.bodyclub.cz\/wp-content\/uploads\/2024\/10\/303293615_600611811539556_2528769863299912960_n.jpg'><img loading=\"lazy\" decoding=\"async\" width=\"150\" height=\"150\" src=\"https:\/\/www.bodyclub.cz\/wp-content\/uploads\/2024\/10\/303293615_600611811539556_2528769863299912960_n-150x150.jpg\" class=\"attachment-thumbnail size-thumbnail\" alt=\"\" \/><\/a>\n\t\t\t<\/div><\/figure><figure class='gallery-item'>\n\t\t\t<div class='gallery-icon landscape'>\n\t\t\t\t<a data-elementor-open-lightbox=\"yes\" data-elementor-lightbox-slideshow=\"7368f89\" data-elementor-lightbox-title=\"Rusava 2025\" data-e-action-hash=\"#elementor-action%3Aaction%3Dlightbox%26settings%3DeyJpZCI6MTg3MiwidXJsIjoiaHR0cHM6XC9cL3d3dy5ib2R5Y2x1Yi5jelwvd3AtY29udGVudFwvdXBsb2Fkc1wvMjAyNVwvMTJcL1J1c2F2YS0yMDI1LmpwZyIsInNsaWRlc2hvdyI6IjczNjhmODkifQ%3D%3D\" href='https:\/\/www.bodyclub.cz\/wp-content\/uploads\/2025\/12\/Rusava-2025.jpg'><img loading=\"lazy\" decoding=\"async\" width=\"150\" height=\"150\" src=\"https:\/\/www.bodyclub.cz\/wp-content\/uploads\/2025\/12\/Rusava-2025-150x150.jpg\" class=\"attachment-thumbnail size-thumbnail\" alt=\"\" \/><\/a>\n\t\t\t<\/div><\/figure>\n\t\t<\/div>\n\t\t<\/div>\n\t\t\t\t<\/div>\n\t\t\t\t<\/div>\n\t\t\t\t\t<\/div>\n\t\t\t\t<\/div>\n\t\t\t\t<\/div>\n\t\t","protected":false},"excerpt":{"rendered":"<p>Rusava Rusava I. &#8211; 19.7.-24.7.2026Rusava II. &#8211; 16.8.-21.8.2026 Z\u00e1vazn\u00e1 p\u0159ihl\u00e1\u0161ka na Rusavu 2026 Potvrzen\u00ed od l\u00e9ka\u0159e na t\u00e1bor Formul\u00e1\u0159 o bezinfek\u010dnosti Seznam doporu\u010den\u00fdch v\u011bc\u00ed na t\u00e1bor kontaktn\u00ed email: agentura.bodyclub@gmail.com V dob\u011b letn\u00edch pr\u00e1zdnin jsou pro d\u011bti od 5 do 16 let p\u0159ipraveny dva turnusy rekreace v malebn\u00e9m prost\u0159ed\u00ed Host\u00fdnsk\u00fdch vrch\u016f v penzionu U R\u00e1ztoky (www.penzionuraztoky.cz)&#8230;<\/p>\n","protected":false},"author":1,"featured_media":0,"parent":0,"menu_order":0,"comment_status":"closed","ping_status":"closed","template":"","meta":{"_kadence_starter_templates_imported_post":false,"_kad_post_transparent":"","_kad_post_title":"hide","_kad_post_layout":"fullwidth","_kad_post_sidebar_id":"","_kad_post_content_style":"unboxed","_kad_post_vertical_padding":"hide","_kad_post_feature":"hide","_kad_post_feature_position":"","_kad_post_header":false,"_kad_post_footer":false,"footnotes":""},"class_list":["post-1476","page","type-page","status-publish","hentry"],"jetpack_sharing_enabled":true,"_links":{"self":[{"href":"https:\/\/www.bodyclub.cz\/index.php\/wp-json\/wp\/v2\/pages\/1476","targetHints":{"allow":["GET"]}}],"collection":[{"href":"https:\/\/www.bodyclub.cz\/index.php\/wp-json\/wp\/v2\/pages"}],"about":[{"href":"https:\/\/www.bodyclub.cz\/index.php\/wp-json\/wp\/v2\/types\/page"}],"author":[{"embeddable":true,"href":"https:\/\/www.bodyclub.cz\/index.php\/wp-json\/wp\/v2\/users\/1"}],"replies":[{"embeddable":true,"href":"https:\/\/www.bodyclub.cz\/index.php\/wp-json\/wp\/v2\/comments?post=1476"}],"version-history":[{"count":87,"href":"https:\/\/www.bodyclub.cz\/index.php\/wp-json\/wp\/v2\/pages\/1476\/revisions"}],"predecessor-version":[{"id":1897,"href":"https:\/\/www.bodyclub.cz\/index.php\/wp-json\/wp\/v2\/pages\/1476\/revisions\/1897"}],"wp:attachment":[{"href":"https:\/\/www.bodyclub.cz\/index.php\/wp-json\/wp\/v2\/media?parent=1476"}],"curies":[{"name":"wp","href":"https:\/\/api.w.org\/{rel}","templated":true}]}}